?
16
Let r be 2 - (-54)/(-45) - (-64)/20. Let l(u) = 14*u + 6. Let s(v) = -5*v - 2. Let g(b) = 6*l(b) + 17*s(b). What is g(r)?
-2
Let l(a) = -a**2 + 15*a + 14. Let b = 39 - 24. Let k be l(b). Let y be (-34)/k + 21/49. Let s(q) = -q**2 - 2*q + 2. Determine s(y).
2
Let l(n) be the second derivative of 2*n**4/3 + 23*n**3/6 - 3*n**2 - 2*n. Let r(u) = 3*u**2 + 8*u - 2. Let q(s) = 4*l(s) - 11*r(s). What is q(3)?
1
Let c(w) be the third derivative of -w**4/24 - w**3/6 + 113*w**2. Determine c(3).
-4
Let f be (-1 - 1)/((-2)/124*4). Let u(o) = 61 - 33 + o - f. Determine u(-3).
-6
Suppose 106 = -f + 102. Let o(n) be the second derivative of -n**4/12 - n**3 - 3*n**2/2 - 7*n. Calculate o(f).
5
Let p(j) be the second derivative of j**4/12 + 2*j**3/3 + 2*j**2 - 17*j + 10. Let n(f) = f**2 + 7*f + 3. Let o be n(-6). Determine p(o).
1
Suppose 6*j - 4*j + 62 = 0. Let h = -31 - j. Let l(v) = -v**2 - v - 1. Calculate l(h).
-1
Let k = 26 - 18. Let u(h) = -h**3 + 9*h**2 - 8*h + 3. Let r be u(k). Let z(p) be the first derivative of p**2/2 - 7*p + 2. Calculate z(r).
-4
Let y be 2*(-18)/4*4/(-9). Suppose 2*c - 1 - 3 = 0. Let k(n) = 2*n**3 - n**3 - n + 6*n - 5*n**c. What is k(y)?
4
Let n(m) = m**2 - m - 6. Suppose 0 = 5*c + 2*l, -4*c - 4*l + 7 = 19. Suppose -a + 2*a = -4*f, 0 = -c*a - f. Calculate n(a).
-6
Let l(w) = -4*w**2 + 31*w + 28. Let o(u) be the third derivative of u**5/60 - 5*u**4/12 - 3*u**3/2 + 15*u**2. Let i(a) = 2*l(a) + 7*o(a). Give i(-5).
8
Suppose 4*b + 9 = 7*b. Let g(r) = r**3 + 9*r**2 + 4*r - 3. Let s(u) = u**3 + 8*u**2 + 3*u - 2. Let w(a) = b*s(a) - 2*g(a). What is w(-6)?
-6
Let i(z) = -4*z + 6*z - 3 + 4*z - 4*z. Let r be (24/16)/((-2)/(-36)). Suppose -5*j = -r + 2. Give i(j).
7
Suppose c = -1, -2*c + 4 = -4*b + 2*c. Let w be b + 2 + -2 + 5. Let d(r) = -2 + 2*r + 6 + w - 4. What is d(-3)?
-3
Let c(d) = 2*d + 5. Let v be c(-1). Let l(x) = 0*x**v + 3*x**2 + 1 + 3*x + x**3 + 3*x**2 - 4*x**2. Give l(-2).
-5
Suppose -10 = 10*j - 12*j. Let r(g) = 7*g**2 + 4*g**3 - j*g - 1 - g**3 + 0 - 2*g**3. Determine r(-8).
-25
Suppose p = -4 + 5. Let d(v) be the third derivative of v**8/6720 - v**7/5040 + 13*v**5/60 + 2*v**2. Let z(n) be the third derivative of d(n). Determine z(p).
2
Let x be (-32)/(-6) - (-18)/27. Suppose 0 = x*w - 48 - 12. Suppose -w = 7*z + 4. Let l(j) = 2*j**2 + 2*j + 3. Give l(z).
7
Let y(l) = l - 7. Let c(v) = v - 6. Let s(g) = 6*c(g) - 4*y(g). Let d = 25 + -20. Suppose -d*w = -11*w + 42. What is s(w)?
6
Suppose -5*f - 15 = 5*a, a - 2*f = 3*f - 9. Let d(z) = -z**2 - 3*z - 1. Give d(a).
-5
Let k(r) = -r**2 - 13. Suppose -y - 1 - 3 = 0. Let m be y/(-2) + -1 + 14. Suppose 0 = -m*u + 11*u. Calculate k(u).
-13
Let z be -2 - 1 - (3 + -6). Let j = -10 - -17. Let q(w) = -6 + j - w + z. Calculate q(1).
0
Suppose -3 + 1 = -5*n + 2*r, 0 = 4*n - 2*r. Suppose 6*p - 32 = -n*p. Let h(y) = -y**3 + 3*y**2 + 5*y - 4. Give h(p).
0
Let h(m) = m**2 - 6*m - 7. Let y be h(-1). Let z(c) = y*c**3 + 1959 - 4*c**2 + 5*c - c**3 - 1965. Let t(w) = -w**2 - 6*w - 5. Let n be t(-6). Give z(n).
-6
Let y(l) be the first derivative of 1/4*l**4 + 0*l**3 + 1/2*l**2 + 3 - l. Suppose -3*k - 6 = 2*f - 20, 3*k = -5*f + 26. Determine y(k).
9
Let y(s) = -s**3 - 6*s**2 + 2*s + 6. Suppose 3*d - 16 - 8 = -3*c, 5*c = -d + 24. Suppose -3*b = -5*k - 18, -4*k + d*b + 4 = -2*k. Give y(k).
-6
Let y(h) = -h - 21. Let w(r) = 2*r + 21. Let t(v) = -2*w(v) - 3*y(v). What is t(15)?
6
Let x(b) = 2*b - 1. Let u(v) = 1. Suppose -7*r = 17 + 4. Let o(s) = r*u(s) + x(s). Suppose -j - 4*y - 13 = 0, 0*y + y + 10 = 2*j. Calculate o(j).
2
Suppose 0 = -19*w + 24*w - 15. Let l be -1 - (-2*w)/2. Let t(c) = -4*c - 1. Determine t(l).
-9
Let b(v) = 2*v**3 - 7*v**2 - 3*v - 1. Suppose 0 = 2*a - 7*a + 130. Suppose -4*z - a = -6. Let x(d) = -d**3 + 4*d**2 + d. Let o(s) = z*x(s) - 2*b(s). Give o(6).
8
Let w(j) = -35*j - 106. Let v be w(-3). Let o(f) = f**3 + f. Calculate o(v).
-2
Let v(g) = g**2 + 20*g + 13. Suppose p + 2*p = 4*y - 45, 3*y = p + 10. Determine v(p).
-6
Let k(z) = z**2 - 3*z + 1. Suppose 0 = 2*y - 8 + 4. Let u(j) = 1 + 0*j**2 - 3*j + 4*j**y - j**2 + j**2 - j**3. Let f be u(3). What is k(f)?
-1
Let i(d) = -d**3 - 4*d**2 + 5*d - 4. Let h be (10/(-3))/2*-3. Let j = h + 3. Let c be (10/j)/((-11)/44). Determine i(c).
-4
Let s(v) = -v**2 + 2*v - 1. Suppose 5*a + 35 = 3*l - 8*l, 3 = -5*l + 3*a. Give s(l).
-16
Suppose -8*w - 4 = -4*w. Let c(g) = 7*g**2 + g + 1. Calculate c(w).
7
Let o(b) = -5*b + 1. Let f = -176 + 175. What is o(f)?
6
Let f(p) = p**2 + 2 + 5 + 7*p - 4 - 5. Determine f(-8).
6
Let k(l) = -169*l + 175*l + l**2 - 2*l**2. Suppose 60*t - 5 = 59*t. What is k(t)?
5
Let f be (21/(-12))/((-2)/(-8)). Let a(h) = -h**2 + 3*h + 2*h**2 - 2 + 3*h. What is a(f)?
5
Let g(x) = 3*x**3 + 7*x**2 + 2*x - 5. Let h(t) = 4*t**3 + 8*t**2 + t - 5. Let w(n) = 5*g(n) - 4*h(n). Give w(4).
3
Let f(w) be the second derivative of -8*w**3/3 - 2*w - 9. What is f(-1)?
16
Suppose 0 = -5*p - 5*k + 30, 3*p - 8 = -2*k + 6. Let z(g) = -3*g**2 + p*g**2 + 2 + 2*g**2 - 3*g. What is z(3)?
2
Let t(z) = z**3 + 4*z**2 - 2*z - 2. Suppose 0 = 13*q - 93 - 24. Let g be (1 - 2/(-1)) + 1. Suppose q*v = 4*v + g*r - 14, -2*r = v. What is t(v)?
10
Let r(a) = -a**3 - 9*a**2 - 2*a - 10. Suppose -8*c - 40 = -3*c. Calculate r(c).
-58
Let x(j) = j**3 - 6*j**2 - 7*j - 1. Let k = -465 - -472. Give x(k).
-1
Let n be 3/2*32/(-12). Let z(r) = -3*r**2 + 2*r - 6. Let c(q) = -2*q**2 + q - 3. Let d(s) = -5*c(s) + 3*z(s). Give d(n).
9
Let g(p) = -p**3 + 1. Suppose -f + 3*c = -32, 0 = -3*f + 4*c - 4 + 90. Let j be (23/1 - -2) + -2. Suppose -j*u = -f*u. What is g(u)?
1
Let y(n) = -6*n**2 - 4*n + 10. Let h(z) = 7*z**2 + 3*z - 11. Let v(p) = 5*h(p) + 6*y(p). Let r be v(-10). Let k(u) = -u**3 - 4*u**2 + 3*u + 7. Give k(r).
17
Let h = 16 + -13. Let s(b) = -365*b**2 + 3 - 7*b + 360*b**2 + 0*b**3 + b**h. Calculate s(6).
-3
Let z(r) = -7*r - 71. Let t be z(-11). Let j(l) = l**2 - l + 4. Calculate j(t).
34
Let l = -6 + 7. Suppose 2*s + 16 = 6*s. Let t(q) = -s + 0 - 3*q**2 + 6 - 1. Calculate t(l).
-2
Let z(x) be the second derivative of x**2 + 0 + 1/6*x**3 - 11*x. What is z(5)?
7
Let s(k) = 8*k + 51. Let t be s(-13). Let g = t + 48. Let b(o) = -3*o - 7. Give b(g).
8
Let t(y) = 3*y - 2. Suppose 4*c - 5 = 2*v - v, -c - 5 = v. Suppose 3*m - 9 = c, 3*n + 2*m = -0*n. Calculate t(n).
-8
Let m(s) = -s**3 - 2*s**2 - s - 1. Let j be m(-2). Let p(f) = 7*f - 26*f + 29*f. Determine p(j).
10
Let v be (-36)/(-27) + (-2)/(-3). Let u(w) = -8*w - w**2 + 8 - 9 - v. Give u(-4).
13
Let g(p) = 10*p - 3. Let b(z) = -10*z**2 - 16*z. Let o be b(-1). Give g(o).
57
Let g be (-24)/(-7) - 4 - 46/(-7). Suppose 5*v + g = -24. Let j(t) = 7*t**2 + 7 + 2*t**3 - 5*t**3 + 4*t**3 + 9*t. Give j(v).
-11
Let i(w) = 4*w**2 + 5*w - 23. Let g(k) = -k**2 - 2*k + 7. Let c(l) = 7*g(l) + 2*i(l). Let f = 7 + -2. Determine c(f).
8
Let f(u) = -u**2 - u + 1. Let n(i) = -5*i**2 - 3*i + 20. Let k(g) = 4*f(g) - n(g). Give k(5).
4
Let d(x) = -3*x**2 - 2*x - 1. Suppose 0*w - 7*w - 126 = 0. Let j = w - -14. Let y be 1/((6/j)/3). What is d(y)?
-9
Let o(m) = m**3 + 14*m**2 - 2*m - 22. Suppose 5 = -q + 3*h, -108*h + 104*h + 2 = -q. Calculate o(q).
6
Suppose -5*o + 3*o = -2. Suppose 8*w = 64 - 8. Suppose -8*i + o = -w. Let y(k) = -7*k**2 + k. What is y(i)?
-6
Let o(g) be the second derivative of g**4/12 - g**3/6 - g**2/2 + 13*g + 6. Give o(3).
5
Let t(y) = y**2 - 10*y - 8. Suppose 256*r + 26 = 257*r + 4*k, k = 5*r - 46. Determine t(r).
-8
Suppose 8*b = 5*w + 5*b - 40, w = -b. Let f(o) = o**3 - 6*o**2 + 4*o + 2. Calculate f(w).
-3
Suppose -5*q + 20 = 0, 4*q - 20 = 2*d - 3*d. Let x(g) = 2*g**2 - 3*g. Give x(d).
20
Let n(g) be the second derivative of -1/2*g**2 + 7/12*g**4 + 1/20*g**5 + 1/2*g**3 - 10*g + 0. Give n(-6).
17
Let q(x) = -x**2 - x + 1. Let s(b) = 2*b**2 - 50*b + 43. Let j be s(24). Determine q(j).
-19
Let f(u) = u**2 + 7*u + 3. Suppose 3*p + 3*s = -24, -5*p - 70 = -0*p - 5*s. Let d be 0 - p - (-3 + 1). Let c = d - 18. Give f(c).
-7
Let x(j) = -j**3 - 8*j**2 + 4*j - 4. Let b(c) be the first derivative of c**3/3 - c**2/2 + 13. Let d(a) = 5*b(a) + x(a). Calculate d(-3).
-1
Let g(f) = f**3 - 7*f**2 + 7*f - 2. Let s = -66 + 71. Suppose -3*y + 43 = s*r, -y + 2*r = -2 + 6. Give g(y).
4
Let c(p) be the second derivative of -p**4/12 + p*